0
What is the value of 32 - 50 - (-4 + 0)?
-14
(-2 - (5 - 6) - 3) + -4
-8
-2 + -1 + (179 - 162) - (-2 + 0)
16
Evaluate 0 + 19 + (-74 - -64).
9
What is 16 - (-181 + 170 - (-1 + -50))?
-24
What is 3 + -3 + 1 + 1 + 5 + -5?
2
Evaluate -16 + 11 + 13 + -31.
-23
What is (17 - -4) + 4 + (-29 - -39)?
35
Calculate 20 + -35 + 25 + -1 + -34.
-25
Evaluate -15 + 6 - (-1 + -4 - -5).
-9
Calculate 2 + (24 - -29) + -43.
12
(-17 + (5 - -7) - -4) + (-4 - -1)
-4
-28 + 0 - (425 - 413)
-40
Calculate -29 - (-42 - -33) - (-9 + -2).
-9
What is the value of 27 - (4 + 8 + -11)?
26
Evaluate 238 - 242 - (-1 + -12).
9
What is (13 - 16 - -2 - 7) + (1 - -35)?
28
Calculate 12 + -9 + (12 + 6 + -13 - 37).
-29
Calculate (9 - -1) + (2 - (-3 + -2 + 3)).
14
-1 + 0 + -2 + 11 + -5
3
What is the value of 3 - (0 - ((5 - -2) + -5))?
5
What is the value of 10 - ((-14 - (-5 + -6)) + 4)?
9
-6 - 0 - (13 - 16 - 9)
6
Evaluate (-5 - -2) + (2 - 14) + 3.
-12
What is -4 + 18 - (10 - -14) - -17?
7
What is (-238 - -213) + (5 - (9 - -3))?
-32
Calculate (-22 - (-22 + 7)) + 4.
-3
Calculate 4 - (9 - (-8 - (-10 - -3))).
-6
What is (11 - -4) + -6 + (6 - 8)?
7
What is the value of 1 + 6 + -1 - (3 + 1)?
2
-48 + (-17 + 20 - -25)
-20
What is the value of -2 + (-4 + -3 - (2 + -7)) + 33?
29
What is the value of 8 + (-52 - -38) + -1 + 5?
-2
0 + -4 + (16 - (-12 - -29)) - 1
-6
Evaluate 17 - (47 + 5 + -10).
-25
What is 0 - (-3 + 2) - (16 + (14 - 16))?
-13
Evaluate (-7 - (2 + -7) - -2) + 1.
1
Calculate (11 + -14 - 5) + 3.
-5
Calculate (-63 - -67) + (0 - (10 - -2)).
-8
What is the value of 0 + -12 + (-8 - (-14 + (-4 - -6)))?
-8
What is (-7 - 3) + (11 - -9)?
10
What is -57 + 62 + -38 + 7?
-26
Evaluate 19 - (14 - 10 - 18).
33
10 + -19 - (-2 - 15)
8
14 - 9 - 4 - -2
3
Evaluate 26 + (-38 - -27) - (3 + (2 - 1)).
11
Evaluate (6 - (5 + -11 + 22)) + 0.
-10
What is -20 + (8 + 1 - (25 - 24))?
-12
1 + -2 + (-33 - -34) + 1
1
What is -5 + 7 - (-20 - -27)?
-5
Calculate 15 + -16 + (30 - 51).
-22
What is the value of (2 - 23) + (-1199 - -1229)?
9
-25 + (12 - (-33 - -17 - -26))
-23
What is 17 - 13 - (0 + -6) - (3 - -2)?
5
What is the value of -32 - (-68 + (1 - -25))?
10
What is the value of -2 + (-17 - -16) + -7?
-10
What is -13 + -3 + 4 + 573 + -573?
-12
Evaluate 7 + (3 + 15 - 10) - 4.
11
What is (-94 - -93) + (-11 - -6) + -7?
-13
Calculate 17 + 4 - (11 + -11 + (9 - 6)).
18
-13 - -18 - 23 - -32
14
7 + -2 + 7 + 0
12
(9 - (10 - (-5 + 10))) + (3 - -2)
9
What is the value of 7 + (7 - (9 - 10) - 9)?
6
What is the value of 14 + -14 + 13 + (-6 - -5)?
12
Evaluate (-3 - -4) + -69 + 49.
-19
What is 5 + -1 + -4 + (-13 - -9) - -6?
2
-68 + 55 - (-3 + -8)
-2
Calculate (-11 + 12 - -1) + -8.
-6
What is (-8 - (8 + -16 + 3 - 2)) + 3?
2
What is 67 + (-78 - -34) + (1 + 0 - 7)?
17
Calculate -14 + 24 + (6 + -1 + 0 - 3).
12
What is 3 + 20 - 27 - (-30 - 0)?
26
What is the value of 8 + (-1 - 1 - (-4 + -1 - -7))?
4
Evaluate -21 + (-8 - -29) + 1.
1
What is the value of -6 + -2 + (-1 - 0 - 0)?
-9
What is the value of (-3 - -44) + (-7 - (-4 - -9))?
29
What is the value of -18 - (3 - (-3 + 1 + 1) - 11)?
-11
Evaluate (0 - 6 - (15 + -27)) + 4 + -17.
-7
What is the value of -47 - -27 - (-3 - 16)?
-1
Evaluate (-144 - -197) + (-2 - 33).
18
What is -21 + (19 - 14 - (9 - 0))?
-25
What is the value of -4 + -4 + (12 - (13 + -7))?
-2
(1 - (-2 - -1) - -9) + -5230 + 5240
21
What is the value of 8 + -3 + (4 - 7) + 6?
8
What is the value of 10 - (21 - (11 + -12 - 4))?
-16
Evaluate -4 - (0 + 2 - (13 - (6 - 2))).
3
Calculate 26 + (15 - 25 - 7).
9
What is the value of (-132 - -138) + (0 - 19) - (1 - 5)?
-9
What is -29 - (23 - 38) - (-13 - -1)?
-2
Evaluate -118 + 102 - (-1 - (6 - 3 - 14)).
-26
What is (-3 - (2 + 3)) + 23?
15
What is the value of -3 + (2 - 5) + 16 + -5?
5
-433 - -480 - (1 - -41)
5
What is the value of 27 + -41 - (1 + -2)?
-13
22 + -8 + -3 - (-1 - -9)
3
What is the value of 19 + (18 - (10 + 4)) - (-2 + 1)?
24
What is the value of 21 + 21 + -23 + -38?
-19
-215 + 188 - (-1 + -14 + 4)
-16
What is the value of -27 + -13 + 20 + 21?
1
Evaluate -11 + 0 - -6 - -6 - -6.
7
Evaluate 6 + (-20 - (-19 + 3)).
2
What is 3 + (-3 - (-6 - 2)) + -5?
3
32 + -9 - -26 - 31
18
Evaluate 14 + (5 - 12) + -3.
4
Evaluate (-7 - -14) + 2 + 2 + 0.
11
(-6 - (-12 + 14)) + -2 - (14 - 3)
-21
Evaluate -24 - (-46 - -29 - 20).
13
Evaluate (-27 - (-13 + 5)) + 4 - 8.
-23
What is the value of -51 + (46 - 1) + 2 + -1 + -6?
-11
Calculate (-19 - -18) + (18 - (-2 + 0 - 0)).
19
What is 30 - -13 - (-21 + 28 + 8)?
28
(10 - (45 - -22)) + 28
-29
What is the value of 0 + -6 - (-44 + 31)?
7
Calculate (3 - 10) + 24 - (-3 - -5 - -3).
12
Calculate (-13 - 0) + 22 - 9 - (1 + -7).
6
Calculate 1005 + -1004 + 13 + 1.
15
What is 10 + (8 + -6 - 23 - -9)?
-2
Evaluate 17 - 31 - -21 - -16.
23
Calculate 5 + -3 + -9 + 3 - 11.
-15
What is -16 + 20 + (-3 - -12)?
13
What is -2 + -1 + (-16 - 1 - (-30 - -20))?
-10
What is 2 + 1 + 18 - (-1653 - -1643)?
31
Evaluate 1 + 3 + (-14 - -11 - -21 - 7).
15
Evaluate 20 - 20 - -5 - (0 + 23).
-18
-21 - (-8 + (-11 + 7 - -1))
-10
What is -10 + (22 - (17 + -20))?
15
4 - (-1 + 15 + -16)
6
280 + -294 - (16 + 3 + -3)
-30
Evaluate 9 - (28 - -2 - 14).
-7
Calculate -12 + (8 + 1 - -10).
7
Calculate (29 + -49 - -7) + 2 + 26.
15
What is the value of (0 - 0) + 84 + -80?
4
Evaluate 2 - (1 - -21) - (620 - 625).
-15
-50 + 32 + 22 + 23
27
What is 7 + -2 - (-8 + -12 + 30) - 5?
-10
Calculate (15 - 2 - -3 - 12) + -20.
-16
What is 31 + -28 - ((2 - 3) + 13 + 5)?
-14
Calculate 11 - 10 - (0 - (1 - 6)).
-4
Calculate 13 + 1 + -9 - 21 - (-6 + -1).
-9
What is the value of (4 - (1 - 8)) + (2 - 0) - 5?
8
Calculate 34 + -5 - -1 - (-18 - -25).
23
What is -117 - -102 - (1 + (-2 - 1) + 0)?
-13
-3 + (-12 + 12 - 5)
-8
What is the value of -11 + 6 - 10 - 3?
-18
Evaluate -7 + -11 + (-2 - -20) + 5.
5
Evaluate 15 + -10 + -21 + 16.
0
What is -1943 + 1951 + (-1 + 0 + -1 - -7)?
13
Evaluate (7 - (6 + -7 + 25)) + 3.
-14
Evaluate 6 + -6 + 23 + -14 + 1.
10
What is 6 - (-5 + 2) - (-5 - -12 - 9)?
11
What is 0 - -1 - (6 + (11 - 22)) - 19?
-13
-8 - -2 - 1 - -1 - (7 + 0)
-13
Evaluate (-3 - -25) + (-59 - -36).
-1
Evaluate -1 - -1 - ((13 - 11) + 34).
-36
Calculate -3 + 4 - (-2 - (1 + 1)) - 6.
-1
Calculate -1 + 2 + 1 - (-36 + 48).
-10
Calculate 2 - (-6 + 2 - 0) - 7 - 13.
-14
-14 + (-4 - (5 + -12))
-11
Evaluate 23 - (-3 + 4 + 11).
11
What is 2 + 5 + 14 + -6 + -2 + 1?
14
What is -19 - (6 + (-12 - -3))?
-16
Calculate -18 + (-11 - -28) - 0.
-1
6 + 11 + -16 - -16
17
What is the value of 1 + (4 - (-2 - -6)) + (0 - -8)?
9
What is -1 + -2 + 6 + 3 + -10 + -8?
-12
What is 6 - (0 - -1 - (37 + -32) - -9)?
1
Calculate -2 + 32 - (224 + -173).
-21
-7 - -7 - (-88 + 77)
11
Calculate (-1 - 29) + 39 - -18.
27
Evaluate 35 - (34 - (-21 - -51)).
31
Calculate 4 + -69 + 45 + (4 - -8).
-8
What is -1 - -33 - (30 - (-17 - -35)) - -10?
30
What is 3 + 2 - -15 - 4?
16
Calculate 96 + -87 + (-54 - -14).
-31
Evaluate 39 + (-37 - 53) + 41.
-10
What is -25 - (-66 + (59 - 16))?
-2
Calculate 431 + -425 - (-1 + -3).
10
What is 1 - (0 + 5) - ((21 - 13) + -5)?
-7
Evaluate (-68 - -107) + -4 + -25.
10
Calculate -2 - (0 + -3 - 5 - (-37 + 35)).
4
Evaluate (1 - (-2 - 2)) + -4 + 1 - -8.
10
0 + -30 + 205 + -186
-11
204 + -201 + (2 - -15) + 2
22
Calculate 4 + -12 + (-13 - -18) - -8.
5
Evaluate -1 + 22 - (-121 + 60 + 72).
10
What is -10 - (-14 + -9 - -7)?
6
Evaluate 2 - -4 - (6 - 9 - (7 - 14)).
2
What is the value of 37 + (-34 + 17 - 0)?
20
What is the value of 247 + -251 - ((3 - 1 - 1) + -4)?
-1
What is -14 - (-27 + 16 + 2)?
-5
Calculate 4 + -15 + 1 + (4 - -1) - 3.
-8
What is the value of -27 + 22 - (1 - (1 - (2 + -4)))?
-3
Evaluate -11 - ((-3 - 1) + 2 + 5 + -1).
-13
What is the value of 26 + -33 + 22 + -2?
13
What is (1 - -6) + -13 + -4?
-10
Evaluate (9 + -22 - -3) + -3 - 2.
-15
-4 - (1 + (3 - 4) - 15)
11
What is 9 + (-7 - -6) + -15 + -13?
-20
Calculate (1774 - 1727) + (-1 - 44).
2
What is (4 - -2) + 1 + -16 + -5?
-14
Evaluate (-36 - -42) + 2 + -2 + -3 + 4.
7
What is the value of 13 + 3 + -12 - -22?
26
Evaluate -3 + -1 - (-22 + 25 + (8 - 24)).
9
What is the value of 21 + -1 + (-816 - -800)?
4
Evaluate -29 + 6 - -20 - (-2 + 0 + -1).
0
What is -158 + 166 + 3 + 1?
12
Calculate -9 - -27 - (-3 + 12 + -4).
13
What is the value of 9 + 0 + -2 + (-15 - -10) + 10?
12
(18 + -27 - (1 - -3)) + (3 - 4)
-14
(-